507 is divided by 748.
11
Calculate the remainder when 149 is divided by 67.
15
What is the remainder when 759 is divided by 13?
5
What is the remainder when 56 is divided by 21?
14
Calculate the remainder when 165 is divided by 34.
29
Calculate the remainder when 92 is divided by 10.
2
What is the remainder when 604 is divided by 151?
0
What is the remainder when 4279 is divided by 138?
1
Calculate the remainder when 477 is divided by 24.
21
What is the remainder when 409 is divided by 142?
125
What is the remainder when 746 is divided by 75?
71
Calculate the remainder when 251 is divided by 129.
122
Calculate the remainder when 85 is divided by 25.
10
What is the remainder when 148 is divided by 50?
48
Calculate the remainder when 96 is divided by 77.
19
Calculate the remainder when 791 is divided by 161.
147
What is the remainder when 194 is divided by 39?
38
What is the remainder when 726 is divided by 14?
12
What is the remainder when 1281 is divided by 156?
33
What is the remainder when 218 is divided by 200?
18
What is the remainder when 597 is divided by 91?
51
What is the remainder when 3084 is divided by 7?
4
Calculate the remainder when 540 is divided by 123.
48
Calculate the remainder when 1759 is divided by 16.
15
What is the remainder when 794 is divided by 376?
42
What is the remainder when 606 is divided by 55?
1
Calculate the remainder when 7428 is divided by 413.
407
Calculate the remainder when 646 is divided by 36.
34
What is the remainder when 279 is divided by 8?
7
Calculate the remainder when 183 is divided by 112.
71
Calculate the remainder when 916 is divided by 92.
88
Calculate the remainder when 136 is divided by 109.
27
What is the remainder when 197 is divided by 25?
22
Calculate the remainder when 253 is divided by 15.
13
What is the remainder when 604 is divided by 43?
2
What is the remainder when 166 is divided by 60?
46
Calculate the remainder when 1084 is divided by 109.
103
What is the remainder when 3196 is divided by 97?
92
Calculate the remainder when 144 is divided by 65.
14
Calculate the remainder when 686 is divided by 226.
8
Calculate the remainder when 38 is divided by 5.
3
Calculate the remainder when 50 is divided by 7.
1
Calculate the remainder when 47 is divided by 5.
2
What is the remainder when 389 is divided by 99?
92
What is the remainder when 51 is divided by 28?
23
What is the remainder when 1509 is divided by 84?
81
What is the remainder when 1449 is divided by 23?
0
Calculate the remainder when 465 is divided by 23.
5
Calculate the remainder when 10539 is divided by 124.
123
What is the remainder when 145 is divided by 25?
20
What is the remainder when 234 is divided by 59?
57
Calculate the remainder when 1540 is divided by 13.
6
Calculate the remainder when 2956 is divided by 34.
32
What is the remainder when 1514 is divided by 16?
10
What is the remainder when 312 is divided by 262?
50
What is the remainder when 2043 is divided by 66?
63
What is the remainder when 353 is divided by 47?
24
What is the remainder when 63 is divided by 5?
3
What is the remainder when 149 is divided by 25?
24
Calculate the remainder when 1277 is divided by 413.
38
Calculate the remainder when 89 is divided by 48.
41
Calculate the remainder when 133 is divided by 52.
29
What is the remainder when 293 is divided by 37?
34
What is the remainder when 154 is divided by 26?
24
Calculate the remainder when 3136 is divided by 20.
16
Calculate the remainder when 75 is divided by 27.
21
What is the remainder when 7629 is divided by 16?
13
Calculate the remainder when 238 is divided by 60.
58
What is the remainder when 30 is divided by 23?
7
Calculate the remainder when 673 is divided by 170.
163
What is the remainder when 1170 is divided by 42?
36
Calculate the remainder when 281 is divided by 65.
21
What is the remainder when 243 is divided by 49?
47
Calculate the remainder when 79 is divided by 24.
7
Calculate the remainder when 1935 is divided by 146.
37
Calculate the remainder when 910 is divided by 156.
130
What is the remainder when 276 is divided by 19?
10
Calculate the remainder when 166 is divided by 12.
10
What is the remainder when 45 is divided by 45?
0
What is the remainder when 6566 is divided by 45?
41
What is the remainder when 546 is divided by 50?
46
What is the remainder when 2438 is divided by 50?
38
What is the remainder when 1569 is divided by 262?
259
What is the remainder when 157 is divided by 29?
12
Calculate the remainder when 18875 is divided by 11.
10
Calculate the remainder when 3 is divided by 2.
1
Calculate the remainder when 1967 is divided by 651.
14
What is the remainder when 278 is divided by 57?
50
What is the remainder when 1083 is divided by 155?
153
What is the remainder when 2458 is divided by 20?
18
What is the remainder when 486 is divided by 15?
6
Calculate the remainder when 139 is divided by 14.
13
What is the remainder when 57 is divided by 29?
28
What is the remainder when 1427 is divided by 11?
8
What is the remainder when 23 is divided by 13?
10
Calculate the remainder when 4288 is divided by 15.
13
What is the remainder when 354 is divided by 67?
19
Calculate the remainder when 783 is divided by 49.
48
Calculate the remainder when 110 is divided by 94.
16
What is the remainder when 240 is divided by 35?
30
What is the remainder when 36 is divided by 30?
6
What is the remainder when 989 is divided by 237?
41
Calculate the remainder when 2726 is divided by 22.
20
Calculate the remainder when 603 is divided by 75.
3
Calculate the remainder when 3042 is divided by 145.
142
Calculate the remainder when 298 is divided by 59.
3
What is the remainder when 564 is divided by 83?
66
Calculate the remainder when 537 is divided by 147.
96
What is the remainder when 416 is divided by 202?
12
What is the remainder when 89 is divided by 13?
11
What is the remainder when 122 is divided by 65?
57
Calculate the remainder when 394 is divided by 49.
2
What is the remainder when 657 is divided by 4?
1
What is the remainder when 45 is divided by 26?
19
Calculate the remainder when 6 is divided by 3.
0
What is the remainder when 98 is divided by 8?
2
What is the remainder when 136 is divided by 46?
44
What is the remainder when 105 is divided by 52?
1
Calculate the remainder when 92 is divided by 20.
12
What is the remainder when 467 is divided by 39?
38
Calculate the remainder when 1147 is divided by 64.
59
Calculate the remainder when 11543 is divided by 26.
25
Calculate the remainder when 4636 is divided by 4.
0
What is the remainder when 17924 is divided by 5972?
8
Calculate the remainder when 3611 is divided by 1198.
17
Calculate the remainder when 2669 is divided by 11.
7
Calculate the remainder when 38 is divided by 13.
12
Calculate the remainder when 211 is divided by 5.
1
What is the remainder when 98 is divided by 9?
8
What is the remainder when 117 is divided by 45?
27
What is the remainder when 406 is divided by 171?
64
What is the remainder when 747 is divided by 8?
3
Calculate the remainder when 193 is divided by 25.
18
What is the remainder when 101 is divided by 37?
27
What is the remainder when 637 is divided by 596?
41
Calculate the remainder when 2898 is divided by 10.
8
Calculate the remainder when 150 is divided by 50.
0
Calculate the remainder when 79 is divided by 22.
13
Calculate the remainder when 1798 is divided by 22.
16
What is the remainder when 512 is divided by 27?
26
What is the remainder when 154 is divided by 57?
40
Calculate the remainder when 5090 is divided by 196.
190
Calculate the remainder when 134 is divided by 58.
18
What is the remainder when 12339 is divided by 34?
31
What is the remainder when 2374 is divided by 66?
64
Calculate the remainder when 541 is divided by 46.
35
Calculate the remainder when 224 is divided by 63.
35
What is the remainder when 1688 is divided by 92?
32
What is the remainder when 294 is divided by 26?
8
Calculate the remainder when 1941 is divided by 66.
27
Calculate the remainder when 350 is divided by 66.
20
What is the remainder when 1185 is divided by 12?
9
What is the remainder when 133 is divided by 23?
18
What is the remainder when 376 is divided by 157?
62
What is the remainder when 174 is divided by 11?
9
Calcu